{"id":156,"date":"2026-04-09T16:41:32","date_gmt":"2026-04-09T16:41:32","guid":{"rendered":"https:\/\/sale-suits.com\/?post_type=product&#038;p=156"},"modified":"2026-04-23T17:58:10","modified_gmt":"2026-04-23T17:58:10","slug":"boys-classic-navy-blue-3-piece-suit-set","status":"publish","type":"product","link":"https:\/\/sale-suits.com\/index.php\/product\/boys-classic-navy-blue-3-piece-suit-set\/","title":{"rendered":"TRAJE SLIM FIT PARA NI\u00d1OS"},"content":{"rendered":"<p><span style=\"font-weight: 400;\">. Color azul\u00a0<\/span><\/p>\n<p><span style=\"font-weight: 400;\">. 2 botones<\/span><\/p>\n<p><span style=\"font-weight: 400;\">. Solapa en muescas<\/span><\/p>\n<p><span style=\"font-weight: 400;\">. 2 aberturas<\/span><\/p>\n<p><span style=\"font-weight: 400;\">. 1 camisa blanca<\/span><\/p>\n<p><span style=\"font-weight: 400;\">. 1 corbata<\/span><\/p>\n<p><span style=\"font-weight: 400;\">. 1 chaleco<\/span><\/p>\n<p><span style=\"font-weight: 400;\">. Pantal\u00f3n sin pliegues<\/span><\/p>\n<p><span style=\"font-weight: 400;\">. Con forro adelante<\/span><\/p>\n<p><span style=\"font-weight: 400;\">. Bolsillo cl\u00e1sico<\/span><\/p>\n<p><span style=\"font-weight: 400;\">. Con bastilla<\/span><\/p>\n<p><span style=\"font-weight: 400;\">Importante :<br \/>\nTodas las prendas lavar en seco.<br \/>\n. Devoluciones y cambios en 10 d\u00edas.<br \/>\n. Para la devoluci\u00f3n los trajes deben estar con sus etiquetas originales puestas,no manchas,olores \u00f3 lavados,tampoco hayan sido alteradas por alguien.<br \/>\n. Recibida la prenda el reembolso se har\u00e1 de 5 a 7 d\u00edas h\u00e1biles.<br \/>\nGASTOS DE ENV\u00cdO : El costo del env\u00edo es gratis.<br \/>\n. El costo de retorno corre por cuenta del cliente.<br \/>\n. En caso de CAMBIO,corre por nuestra cuenta.<\/span><\/p>\n","protected":false},"excerpt":{"rendered":"<p>. Color azul\u00a0 . 2 botones . Solapa en muescas . 2 aberturas . 1 camisa blanca . 1 corbata<\/p>\n","protected":false},"featured_media":128,"comment_status":"open","ping_status":"closed","template":"","meta":[],"product_brand":[],"product_cat":[20],"product_tag":[],"class_list":{"0":"post-156","1":"product","2":"type-product","3":"status-publish","4":"has-post-thumbnail","6":"product_cat-trajes-para-ninos","8":"first","9":"instock","10":"shipping-taxable","11":"purchasable","12":"product-type-simple"},"jetpack_sharing_enabled":true,"_links":{"self":[{"href":"https:\/\/sale-suits.com\/index.php\/wp-json\/wp\/v2\/product\/156","targetHints":{"allow":["GET"]}}],"collection":[{"href":"https:\/\/sale-suits.com\/index.php\/wp-json\/wp\/v2\/product"}],"about":[{"href":"https:\/\/sale-suits.com\/index.php\/wp-json\/wp\/v2\/types\/product"}],"replies":[{"embeddable":true,"href":"https:\/\/sale-suits.com\/index.php\/wp-json\/wp\/v2\/comments?post=156"}],"wp:featuredmedia":[{"embeddable":true,"href":"https:\/\/sale-suits.com\/index.php\/wp-json\/wp\/v2\/media\/128"}],"wp:attachment":[{"href":"https:\/\/sale-suits.com\/index.php\/wp-json\/wp\/v2\/media?parent=156"}],"wp:term":[{"taxonomy":"product_brand","embeddable":true,"href":"https:\/\/sale-suits.com\/index.php\/wp-json\/wp\/v2\/product_brand?post=156"},{"taxonomy":"product_cat","embeddable":true,"href":"https:\/\/sale-suits.com\/index.php\/wp-json\/wp\/v2\/product_cat?post=156"},{"taxonomy":"product_tag","embeddable":true,"href":"https:\/\/sale-suits.com\/index.php\/wp-json\/wp\/v2\/product_tag?post=156"}],"curies":[{"name":"wp","href":"https:\/\/api.w.org\/{rel}","templated":true}]}}